{"id":12204,"date":"2020-11-17T07:22:24","date_gmt":"2020-11-17T07:22:24","guid":{"rendered":"https:\/\/infermeriabalear.com\/?page_id=12204"},"modified":"2020-11-24T14:16:28","modified_gmt":"2020-11-24T14:16:28","slug":"enlaces-de-salud","status":"publish","type":"page","link":"https:\/\/infermeriabalear.com\/es\/enlaces-de-salud\/","title":{"rendered":"Enlaces de Salud"},"content":{"rendered":"<div class=\"wpb-content-wrapper\"><div      class=\"vc_row wpb_row section  grid_section\" style=' border-bottom: 1px solid #e8e8e8; padding-top:60px; padding-bottom:72px; text-align:left;'><div class=\" section_inner clearfix\"><div class='section_inner_margin clearfix'><div class=\"wpb_column vc_column_container vc_col-sm-12\"><div class=\"vc_column-inner\"><div class=\"wpb_wrapper\">\n\t<div class=\"wpb_tabstabs_holder clearfix\" data-interval=\"0\">\n\t\t<div class=\"q_tabs horizontal\">\n\t\t\t<ul class=\"tabs-nav\"><li><a href=\"#tab-1390467000-1-80\">Webs de Salud<\/a><\/li><li><a href=\"#tab-1390467785418-2-0\">Asociaciones de Pacientes<\/a><\/li><li><a href=\"#tab-1390467830849-2-6\">Apps<\/a><\/li><\/ul>\n<div class='tabs-container'>\n\t\t\t\n\t<div id=\"tab-1390467000-1-80\" class=\"wpb_tab ui-tabs-panel wpb_ui-tabs-hide vc_clearfix tab-content\">\n\t\t<div class=\"separator  transparent   \" style=\"margin-top:8px;\"><\/div>\n<div      class=\"vc_row wpb_row section vc_inner  grid_section\" style=' text-align:left;'><div class=\" section_inner clearfix\"><div class='section_inner_margin clearfix'><div class=\"wpb_column vc_column_container vc_col-sm-6\"><div class=\"vc_column-inner\"><div class=\"wpb_wrapper\">\n\t<div class=\"wpb_text_column wpb_content_element \" >\n\t\t<div class=\"wpb_wrapper\">\n\t\t\t<h3>La Federaci\u00f3n de Asociaciones de Matronas de Espa\u00f1a nos ofrece su nuevo blog donde pretende acercar la Matrona a todas las mujeres<\/h3>\n\n\t\t<\/div>\n\t<\/div>\n<div class=\"separator  transparent   \" style=\"margin-top:2px;\"><\/div>\n\n\t<div class=\"wpb_text_column wpb_content_element \" >\n\t\t<div class=\"wpb_wrapper\">\n\t\t\t<div class=\"descripcion\">\n<p>La matrona es una figura profesional reconocida internacionalmente en todos los sistemas sanitarios, en los que se considera que realiza una tarea esencial que incide en un \u00e1mbito social tan importante como es el de la maternidad y la atenci\u00f3n integral durante el ciclo vital de la mujer en todas sus fases: salud reproductiva, sexualidad y climaterio.<\/p>\n<\/div>\n<p>&nbsp;<\/p>\n<div class=\"descripcion\">\n<p>Enlace del blog: <a href=\"https:\/\/matronasytu.com\/acerca-de\/\" target=\"_blank\" rel=\"noopener noreferrer\">Matronas y T\u00fa<\/a><\/p>\n<\/div>\n\n\t\t<\/div>\n\t<\/div>\n<div class=\"separator  transparent   \" style=\"margin-top:15px;\"><\/div>\n<\/div><\/div><\/div><div class=\"wpb_column vc_column_container vc_col-sm-6\"><div class=\"vc_column-inner\"><div class=\"wpb_wrapper\"><div class=\"separator  transparent   \" style=\"margin-top:20px;\"><\/div>\n\n        <div class=\"wpb_single_image wpb_content_element vc_align_left  element_from_right\">\n            <div class=\"wpb_wrapper\">\n                \n                <div class=\"vc_single_image-wrapper   vc_box_border_grey\"><\/div>\n            <\/div>\n        <\/div>\n    <\/div><\/div><\/div><\/div><\/div><\/div>\n\t<\/div>\n\n\t<div id=\"tab-1390467785418-2-0\" class=\"wpb_tab ui-tabs-panel wpb_ui-tabs-hide vc_clearfix tab-content\">\n\t\t<div class=\"separator  transparent   \" style=\"margin-top:8px;\"><\/div>\n<div      class=\"vc_row wpb_row section vc_inner  grid_section\" style=' text-align:left;'><div class=\" section_inner clearfix\"><div class='section_inner_margin clearfix'><div class=\"wpb_column vc_column_container vc_col-sm-6\"><div class=\"vc_column-inner\"><div class=\"wpb_wrapper\">\n\t<div class=\"wpb_text_column wpb_content_element \" >\n\t\t<div class=\"wpb_wrapper\">\n\t\t\t<h3>Associaci\u00f3 D&#8217;ajuda al Acompanyant del Malalt de les Illes Balears<\/h3>\n\n\t\t<\/div>\n\t<\/div>\n<div class=\"separator  transparent   \" style=\"margin-top:20px;\"><\/div>\n\n\t<div class=\"wpb_text_column wpb_content_element \" >\n\t\t<div class=\"wpb_wrapper\">\n\t\t\t<div class=\"contenido\">\n<div class=\"et_pb_module et_pb_blurb et_pb_blurb_5 et_pb_bg_layout_light et_pb_text_align_center et_pb_blurb_position_left\">\n<div class=\"et_pb_blurb_content\">\n<div class=\"et_pb_main_blurb_image\">Contacte:<\/div>\n<div class=\"et_pb_blurb_container\">Tlfs: 971 12 13 24 &#8211; 659 78 93 61<\/div>\n<\/div>\n<\/div>\n<p>&nbsp;<\/p>\n<div class=\"et_pb_module et_pb_blurb et_pb_blurb_6 et_pb_bg_layout_light et_pb_text_align_center et_pb_blurb_position_left\">\n<div class=\"et_pb_blurb_content\">\n<div class=\"et_pb_blurb_container\">Carrer de Sant Francesc, 51 &#8211; 53 07620 (Llucmajor)<\/div>\n<\/div>\n<\/div>\n<p>&nbsp;<\/p>\n<div class=\"et_pb_module et_pb_blurb et_pb_blurb_7 et_pb_bg_layout_light et_pb_text_align_center et_pb_blurb_position_left\">\n<div class=\"et_pb_blurb_content\">\n<div class=\"et_pb_blurb_container\">mail: <a href=\"http:\/\/adaa@adaaib.org\">adaa@adaaib.org<\/a><\/div>\n<\/div>\n<\/div>\n<\/div>\n\n\t\t<\/div>\n\t<\/div>\n<\/div><\/div><\/div><\/div><\/div><\/div>\n\t<\/div>\n\n\t<div id=\"tab-1390467830849-2-6\" class=\"wpb_tab ui-tabs-panel wpb_ui-tabs-hide vc_clearfix tab-content\">\n\t\t<div class=\"separator  transparent   \" style=\"margin-top:8px;\"><\/div>\n<div      class=\"vc_row wpb_row section vc_inner  grid_section\" style=' text-align:left;'><div class=\" section_inner clearfix\"><div class='section_inner_margin clearfix'><div class=\"wpb_column vc_column_container vc_col-sm-6\"><div class=\"vc_column-inner\"><div class=\"wpb_wrapper\">\n\t<div class=\"wpb_text_column wpb_content_element \" >\n\t\t<div class=\"wpb_wrapper\">\n\t\t\t<h3 class=\"nombre\">Aplicaci\u00f3n m\u00f3vil para comunicarse con sus pacientes<\/h3>\n\n\t\t<\/div>\n\t<\/div>\n<div class=\"separator  transparent   \" style=\"margin-top:2px;\"><\/div>\n\n\t<div class=\"wpb_text_column wpb_content_element \" >\n\t\t<div class=\"wpb_wrapper\">\n\t\t\t<div class=\"contenido\">\n<p>Ti.care nace con la misi\u00f3n de poner en contacto a pacientes, familiares y cuidadores con los profesionales sanitarios a trav\u00e9s de tecnolog\u00edas de la informaci\u00f3n con el fin de crear una sanidad m\u00e1s accesible, humana y sostenible.<\/p>\n<ul>\n<li>Enlace a la plataforma en internet: <a href=\"https:\/\/ti.care\">https:\/\/ti.care<\/a><\/li>\n<li>App para dispositivos Android:\u00a0<a href=\"https:\/\/play.google.com\/store\/apps\/details?id=com.nextdaysoft.ticare\">https:\/\/play.google.com\/store\/apps\/details?id=com.nextdaysoft.ticare<\/a><\/li>\n<li>App para dispositivos Apple:\u00a0<a href=\"https:\/\/apps.apple.com\/us\/app\/ti-care\/id1470044903?ls=1\">https:\/\/apps.apple.com\/us\/app\/ti-care\/id1470044903?ls=1<\/a><\/li>\n<\/ul>\n<\/div>\n\n\t\t<\/div>\n\t<\/div>\n<div class=\"separator  transparent   \" style=\"margin-top:15px;\"><\/div>\n<\/div><\/div><\/div><\/div><\/div><\/div>\n\t<\/div>\n<\/div>\n\t\t<\/div> \n\t<\/div> <\/div><\/div><\/div><\/div><\/div><\/div>\n<\/div>","protected":false},"excerpt":{"rendered":"Webs de SaludAsociaciones de PacientesApps La Federaci\u00f3n de Asociaciones de Matronas de Espa\u00f1a nos ofrece su nuevo blog donde pretende...","protected":false},"author":9,"featured_media":0,"parent":0,"menu_order":0,"comment_status":"open","ping_status":"closed","template":"full_width.php","meta":{"footnotes":""},"class_list":["post-12204","page","type-page","status-publish","hentry"],"_links":{"self":[{"href":"https:\/\/infermeriabalear.com\/es\/wp-json\/wp\/v2\/pages\/12204","targetHints":{"allow":["GET"]}}],"collection":[{"href":"https:\/\/infermeriabalear.com\/es\/wp-json\/wp\/v2\/pages"}],"about":[{"href":"https:\/\/infermeriabalear.com\/es\/wp-json\/wp\/v2\/types\/page"}],"author":[{"embeddable":true,"href":"https:\/\/infermeriabalear.com\/es\/wp-json\/wp\/v2\/users\/9"}],"replies":[{"embeddable":true,"href":"https:\/\/infermeriabalear.com\/es\/wp-json\/wp\/v2\/comments?post=12204"}],"version-history":[{"count":5,"href":"https:\/\/infermeriabalear.com\/es\/wp-json\/wp\/v2\/pages\/12204\/revisions"}],"predecessor-version":[{"id":12207,"href":"https:\/\/infermeriabalear.com\/es\/wp-json\/wp\/v2\/pages\/12204\/revisions\/12207"}],"wp:attachment":[{"href":"https:\/\/infermeriabalear.com\/es\/wp-json\/wp\/v2\/media?parent=12204"}],"curies":[{"name":"wp","href":"https:\/\/api.w.org\/{rel}","templated":true}]}}

<div class="wpb-content-wrapper"><div      class="vc_row wpb_row section  grid_section" style=' border-bottom: 1px solid #e8e8e8; padding-top:60px; padding-bottom:72px; text-align:left;'><div class=" section_inner clearfix"><div class='section_inner_margin clearfix'><div class="wpb_column vc_column_container vc_col-sm-12"><div class="vc_column-inner"><div class="wpb_wrapper">
	<div class="wpb_tabstabs_holder clearfix" data-interval="0">
		<div class="q_tabs horizontal">
			<ul class="tabs-nav"><li><a href="#tab-1390467000-1-80">Webs de Salud</a></li><li><a href="#tab-1390467785418-2-0">Asociaciones de Pacientes</a></li><li><a href="#tab-1390467830849-2-6">Apps</a></li></ul>
<div class='tabs-container'>
			
	<div id="tab-1390467000-1-80" class="wpb_tab ui-tabs-panel wpb_ui-tabs-hide vc_clearfix tab-content">
		<div class="separator  transparent   " style="margin-top:8px;"></div>
<div      class="vc_row wpb_row section vc_inner  grid_section" style=' text-align:left;'><div class=" section_inner clearfix"><div class='section_inner_margin clearfix'><div class="wpb_column vc_column_container vc_col-sm-6"><div class="vc_column-inner"><div class="wpb_wrapper">
	<div class="wpb_text_column wpb_content_element " >
		<div class="wpb_wrapper">
			<h3>La Federación de Asociaciones de Matronas de España nos ofrece su nuevo blog donde pretende acercar la Matrona a todas las mujeres</h3>

		</div>
	</div>
<div class="separator  transparent   " style="margin-top:2px;"></div>

	<div class="wpb_text_column wpb_content_element " >
		<div class="wpb_wrapper">
			<div class="descripcion">
<p>La matrona es una figura profesional reconocida internacionalmente en todos los sistemas sanitarios, en los que se considera que realiza una tarea esencial que incide en un ámbito social tan importante como es el de la maternidad y la atención integral durante el ciclo vital de la mujer en todas sus fases: salud reproductiva, sexualidad y climaterio.</p>
</div>
<p>&nbsp;</p>
<div class="descripcion">
<p>Enlace del blog: <a href="https://matronasytu.com/acerca-de/" target="_blank" rel="noopener noreferrer">Matronas y Tú</a></p>
</div>

		</div>
	</div>
<div class="separator  transparent   " style="margin-top:15px;"></div>
</div></div></div><div class="wpb_column vc_column_container vc_col-sm-6"><div class="vc_column-inner"><div class="wpb_wrapper"><div class="separator  transparent   " style="margin-top:20px;"></div>

        <div class="wpb_single_image wpb_content_element vc_align_left  element_from_right">
            <div class="wpb_wrapper">
                
                <div class="vc_single_image-wrapper   vc_box_border_grey"></div>
            </div>
        </div>
    </div></div></div></div></div></div>
	</div>

	<div id="tab-1390467785418-2-0" class="wpb_tab ui-tabs-panel wpb_ui-tabs-hide vc_clearfix tab-content">
		<div class="separator  transparent   " style="margin-top:8px;"></div>
<div      class="vc_row wpb_row section vc_inner  grid_section" style=' text-align:left;'><div class=" section_inner clearfix"><div class='section_inner_margin clearfix'><div class="wpb_column vc_column_container vc_col-sm-6"><div class="vc_column-inner"><div class="wpb_wrapper">
	<div class="wpb_text_column wpb_content_element " >
		<div class="wpb_wrapper">
			<h3>Associació D&#8217;ajuda al Acompanyant del Malalt de les Illes Balears</h3>

		</div>
	</div>
<div class="separator  transparent   " style="margin-top:20px;"></div>

	<div class="wpb_text_column wpb_content_element " >
		<div class="wpb_wrapper">
			<div class="contenido">
<div class="et_pb_module et_pb_blurb et_pb_blurb_5 et_pb_bg_layout_light et_pb_text_align_center et_pb_blurb_position_left">
<div class="et_pb_blurb_content">
<div class="et_pb_main_blurb_image">Contacte:</div>
<div class="et_pb_blurb_container">Tlfs: 971 12 13 24 &#8211; 659 78 93 61</div>
</div>
</div>
<p>&nbsp;</p>
<div class="et_pb_module et_pb_blurb et_pb_blurb_6 et_pb_bg_layout_light et_pb_text_align_center et_pb_blurb_position_left">
<div class="et_pb_blurb_content">
<div class="et_pb_blurb_container">Carrer de Sant Francesc, 51 &#8211; 53 07620 (Llucmajor)</div>
</div>
</div>
<p>&nbsp;</p>
<div class="et_pb_module et_pb_blurb et_pb_blurb_7 et_pb_bg_layout_light et_pb_text_align_center et_pb_blurb_position_left">
<div class="et_pb_blurb_content">
<div class="et_pb_blurb_container">mail: <a href="http://adaa@adaaib.org">adaa@adaaib.org</a></div>
</div>
</div>
</div>

		</div>
	</div>
</div></div></div></div></div></div>
	</div>

	<div id="tab-1390467830849-2-6" class="wpb_tab ui-tabs-panel wpb_ui-tabs-hide vc_clearfix tab-content">
		<div class="separator  transparent   " style="margin-top:8px;"></div>
<div      class="vc_row wpb_row section vc_inner  grid_section" style=' text-align:left;'><div class=" section_inner clearfix"><div class='section_inner_margin clearfix'><div class="wpb_column vc_column_container vc_col-sm-6"><div class="vc_column-inner"><div class="wpb_wrapper">
	<div class="wpb_text_column wpb_content_element " >
		<div class="wpb_wrapper">
			<h3 class="nombre">Aplicación móvil para comunicarse con sus pacientes</h3>

		</div>
	</div>
<div class="separator  transparent   " style="margin-top:2px;"></div>

	<div class="wpb_text_column wpb_content_element " >
		<div class="wpb_wrapper">
			<div class="contenido">
<p>Ti.care nace con la misión de poner en contacto a pacientes, familiares y cuidadores con los profesionales sanitarios a través de tecnologías de la información con el fin de crear una sanidad más accesible, humana y sostenible.</p>
<ul>
<li>Enlace a la plataforma en internet: <a href="https://ti.care">https://ti.care</a></li>
<li>App para dispositivos Android: <a href="https://play.google.com/store/apps/details?id=com.nextdaysoft.ticare">https://play.google.com/store/apps/details?id=com.nextdaysoft.ticare</a></li>
<li>App para dispositivos Apple: <a href="https://apps.apple.com/us/app/ti-care/id1470044903?ls=1">https://apps.apple.com/us/app/ti-care/id1470044903?ls=1</a></li>
</ul>
</div>

		</div>
	</div>
<div class="separator  transparent   " style="margin-top:15px;"></div>
</div></div></div></div></div></div>
	</div>
</div>
		</div> 
	</div> </div></div></div></div></div></div>
</div>

Webs de SaludAsociaciones de PacientesApps La Federación de Asociaciones de Matronas de España nos ofrece su nuevo blog donde pretende...
